mainder when 384 is divided by 55.
54
Calculate the remainder when 58 is divided by 37.
21
Calculate the remainder when 89 is divided by 11.
1
Calculate the remainder when 495 is divided by 119.
19
Calculate the remainder when 161 is divided by 41.
38
Calculate the remainder when 159 is divided by 28.
19
What is the remainder when 319 is divided by 16?
15
What is the remainder when 13111 is divided by 158?
155
What is the remainder when 28 is divided by 16?
12
What is the remainder when 144 is divided by 101?
43
Calculate the remainder when 154 is divided by 34.
18
What is the remainder when 981 is divided by 174?
111
Calculate the remainder when 11035 is divided by 2204.
15
What is the remainder when 293 is divided by 105?
83
Calculate the remainder when 1176 is divided by 1117.
59
What is the remainder when 256 is divided by 13?
9
What is the remainder when 333 is divided by 56?
53
What is the remainder when 343 is divided by 115?
113
What is the remainder when 385 is divided by 118?
31
What is the remainder when 155 is divided by 85?
70
What is the remainder when 153 is divided by 11?
10
Calculate the remainder when 813 is divided by 8.
5
What is the remainder when 236 is divided by 24?
20
What is the remainder when 10277 is divided by 69?
65
What is the remainder when 21383 is divided by 198?
197
Calculate the remainder when 9842 is divided by 50.
42
What is the remainder when 332 is divided by 49?
38
What is the remainder when 241 is divided by 41?
36
What is the remainder when 274 is divided by 126?
22
What is the remainder when 7331 is divided by 282?
281
Calculate the remainder when 81 is divided by 2.
1
Calculate the remainder when 546 is divided by 102.
36
Calculate the remainder when 232 is divided by 59.
55
Calculate the remainder when 2420 is divided by 218.
22
What is the remainder when 855 is divided by 13?
10
What is the remainder when 430 is divided by 89?
74
Calculate the remainder when 187 is divided by 30.
7
Calculate the remainder when 133 is divided by 23.
18
Calculate the remainder when 461 is divided by 16.
13
Calculate the remainder when 115 is divided by 30.
25
What is the remainder when 2844 is divided by 10?
4
Calculate the remainder when 914 is divided by 71.
62
What is the remainder when 12126 is divided by 7?
2
Calculate the remainder when 1316 is divided by 21.
14
What is the remainder when 1 is divided by 1?
0
What is the remainder when 327 is divided by 82?
81
Calculate the remainder when 1096 is divided by 16.
8
Calculate the remainder when 97 is divided by 25.
22
Calculate the remainder when 2645 is divided by 126.
125
Calculate the remainder when 193 is divided by 164.
29
What is the remainder when 3815 is divided by 36?
35
What is the remainder when 128 is divided by 70?
58
What is the remainder when 57 is divided by 18?
3
What is the remainder when 125 is divided by 10?
5
Calculate the remainder when 418 is divided by 14.
12
What is the remainder when 285 is divided by 135?
15
Calculate the remainder when 129 is divided by 26.
25
What is the remainder when 79 is divided by 9?
7
Calculate the remainder when 6880 is divided by 31.
29
Calculate the remainder when 37 is divided by 4.
1
Calculate the remainder when 644 is divided by 9.
5
Calculate the remainder when 519 is divided by 87.
84
What is the remainder when 77 is divided by 19?
1
What is the remainder when 16 is divided by 8?
0
Calculate the remainder when 53 is divided by 38.
15
Calculate the remainder when 1347 is divided by 75.
72
Calculate the remainder when 174 is divided by 89.
85
Calculate the remainder when 2715 is divided by 150.
15
Calculate the remainder when 406 is divided by 44.
10
What is the remainder when 223 is divided by 73?
4
What is the remainder when 109 is divided by 31?
16
What is the remainder when 725 is divided by 278?
169
Calculate the remainder when 1533 is divided by 59.
58
What is the remainder when 192 is divided by 99?
93
What is the remainder when 7 is divided by 3?
1
Calculate the remainder when 277 is divided by 107.
63
Calculate the remainder when 28 is divided by 6.
4
Calculate the remainder when 1424 is divided by 450.
74
Calculate the remainder when 363 is divided by 26.
25
What is the remainder when 23799 is divided by 200?
199
Calculate the remainder when 238 is divided by 81.
76
What is the remainder when 58 is divided by 9?
4
What is the remainder when 413 is divided by 31?
10
Calculate the remainder when 793 is divided by 264.
1
Calculate the remainder when 523 is divided by 522.
1
Calculate the remainder when 59 is divided by 21.
17
What is the remainder when 10241 is divided by 22?
11
What is the remainder when 752 is divided by 126?
122
Calculate the remainder when 1489 is divided by 1.
0
Calculate the remainder when 232 is divided by 59.
55
What is the remainder when 319 is divided by 123?
73
What is the remainder when 3178 is divided by 10?
8
What is the remainder when 4368 is divided by 19?
17
What is the remainder when 701 is divided by 118?
111
What is the remainder when 45 is divided by 13?
6
What is the remainder when 4740 is divided by 74?
4
What is the remainder when 94 is divided by 31?
1
What is the remainder when 215 is divided by 16?
7
Calculate the remainder when 2816 is divided by 20.
16
What is the remainder when 5548 is divided by 150?
148
Calculate the remainder when 87 is divided by 22.
21
Calculate the remainder when 1627 is divided by 102.
97
Calculate the remainder when 607 is divided by 16.
15
What is the remainder when 9238 is divided by 14?
12
Calculate the remainder when 192 is divided by 25.
17
What is the remainder when 829 is divided by 204?
13
What is the remainder when 120 is divided by 34?
18
Calculate the remainder when 3087 is divided by 349.
295
Calculate the remainder when 597 is divided by 235.
127
Calculate the remainder when 1126 is divided by 27.
19
Calculate the remainder when 77 is divided by 6.
5
What is the remainder when 228 is divided by 7?
4
Calculate the remainder when 965 is divided by 114.
53
What is the remainder when 90 is divided by 25?
15
What is the remainder when 605 is divided by 143?
33
Calculate the remainder when 117 is divided by 17.
15
What is the remainder when 59887 is divided by 10?
7
Calculate the remainder when 206 is divided by 103.
0
Calculate the remainder when 387 is divided by 39.
36
What is the remainder when 10300 is divided by 92?
88
What is the remainder when 28 is divided by 12?
4
Calculate the remainder when 37654 is divided by 18.
16
What is the remainder when 4038 is divided by 78?
60
What is the remainder when 708 is divided by 62?
26
Calculate the remainder when 8679 is divided by 22.
11
Calculate the remainder when 929 is divided by 3.
2
What is the remainder when 3338 is divided by 239?
231
Calculate the remainder when 4597 is divided by 50.
47
Calculate the remainder when 4954 is divided by 62.
56
Calculate the remainder when 274 is divided by 26.
14
Calculate the remainder when 1983 is divided by 293.
225
Calculate the remainder when 1992 is divided by 21.
18
Calculate the remainder when 514 is divided by 86.
84
Calculate the remainder when 206 is divided by 14.
10
What is the remainder when 785 is divided by 24?
17
What is the remainder when 70 is divided by 69?
1
Calculate the remainder when 27 is divided by 6.
3
What is the remainder when 96 is divided by 20?
16
What is the remainder when 2379 is divided by 791?
6
Calculate the remainder when 11580 is divided by 99.
96
Calculate the remainder when 226 is divided by 74.
4
What is the remainder when 725 is divided by 66?
65
Calculate the remainder when 18 is divided by 5.
3
Calculate the remainder when 201 is divided by 105.
96
Calculate the remainder when 1890 is divided by 21.
0
Calculate the remainder when 89 is divided by 26.
11
Calculate the remainder when 27 is divided by 25.
2
What is the remainder when 128 is divided by 62?
4
Calculate the remainder when 1088 is divided by 108.
8
Calculate the remainder when 686 is divided by 138.
134
Calculate the remainder when 462 is divided by 116.
114
Calculate the remainder when 813 is divided by 5.
3
Calculate the remainder when 27276 is divided by 21.
18
Calculate the remainder when 1863 is divided by 234.
225
What